t p = -58 - -69. Suppose -i = -3*g + p, g + 2*g + i - 7 = 0. What is the greatest common factor of g and 12?
3
Let p be ((-378)/(-81))/(4/186). What is the greatest common factor of 31 and p?
31
Let g be 46/2 + (-6 - (-2 - 7)). What is the highest common factor of g and 130?
26
Suppose -3*v + 8*q + 1289 = 4*q, -v = -3*q - 433. Calculate the greatest common factor of v and 61.
61
Let p = -2 - 48. Let g = -75 - p. Let d = g - -36. What is the highest common divisor of d and 1?
1
Let p(m) = m**3 + 14*m**2 + 43*m + 333. Let l be p(-12). What is the greatest common factor of 273 and l?
21
Let x be (-9 - -9)/4 + 2. Calculate the highest common factor of 142 and x.
2
Let l be 34 - ((0 - -1) + 0). Suppose 0 = -5*o - 4*d + 31, -48*o = -46*o - 4*d + 10. What is the greatest common divisor of l and o?
3
Let a = -28 - -34. What is the highest common factor of a and 6?
6
Let s = 180 - -72. What is the greatest common factor of 180 and s?
36
Suppose 0 = -4*v - y + 3964, -16 = 19*y - 15*y. Calculate the greatest common divisor of v and 32.
32
Let o be (-2)/(-11) - (-8)/(-44). Let k = 10 - o. Let x(a) = 22*a**2 + 2*a - 2. Let c be x(2). What is the greatest common factor of k and c?
10
Let i(t) = t**2 - t. Let c be i(0). Suppose w + 52 - 67 = c. What is the greatest common divisor of 165 and w?
15
Let a(y) = -17*y**2 + 3*y - 3. Let z(b) = -b**2 - b + 1. Let u(t) = -a(t) - 2*z(t). Let m be u(-3). What is the greatest common factor of m and 25?
25
Let t = -8 + 624. Calculate the highest common factor of t and 21.
7
Suppose -3 - 279 = -3*d. Let y = 150 - d. What is the greatest common divisor of y and 8?
8
Let v(c) = c**3 - 8*c**2 + 14*c - 9. Let i be v(6). Suppose i*f - 50 = -8. Calculate the highest common divisor of 56 and f.
14
Let w be 397/(-7) + 6/(-21). Let g = -31 - w. What is the highest common divisor of g and 26?
26
Let w = 113 - 77. Let g = w + 18. What is the greatest common divisor of 27 and g?
27
Suppose 0 = -5*q - 5*m, 4*q - 8*m + 3*m = 45. Calculate the highest common divisor of q and 115.
5
Let s be (-4)/22 + 244/11. Calculate the highest common divisor of 2 and s.
2
Let t(i) = -3*i**2 + 9*i + 165. Let n be t(9). What is the highest common factor of 97 and n?
1
Let m be (72/(-20))/((-1)/45). Suppose -x - 4*d + 132 = 0, 5*x + 2*d = 6*x - m. Calculate the greatest common divisor of x and 19.
19
Suppose -4*a + 52 + 52 = 0. Let b = -70 - -31. Let v be 52/(3 + b/15). Calculate the highest common divisor of a and v.
26
Let d = -8 - -8. Suppose 5*a - 3*y - 1 = d, 10*a - 5*a = 4*y - 2. Let i(t) = t**2 + 2*t + 2. Let o be i(-2). What is the greatest common factor of o and a?
2
Let z be -2 + 3 - 65/(-1). What is the highest common factor of z and 297?
33
Let q = -763 - -814. What is the greatest common divisor of 3 and q?
3
Let l(m) = m**3 - 4*m**2 - 6*m + 8. Let j be ((-30)/(-25))/(1/5). Let k be l(j). Let s = k - 14. Calculate the highest common factor of 15 and s.
15
Let j = -2101 - -2163. What is the highest common divisor of 2 and j?
2
Let z = -320 + 470. Calculate the highest common divisor of 6 and z.
6
Let h = -259 - -388. Calculate the highest common divisor of h and 172.
43
Let x be (1845/(-820))/(1/(-1 - 3)). Calculate the greatest common divisor of 18 and x.
9
Suppose -5*m - 25 = -4*g - g, -g + 3*m + 15 = 0. Suppose -3*j - 2 + 5 = g. Suppose -3*t = -j - 26. What is the highest common divisor of 6 and t?
3
Let q(u) = 81*u**3 + 2*u - 2. Let n be q(1). Suppose 93 = v + n. Calculate the highest common factor of v and 9.
3
Suppose -83*r + 54*r + 9280 = 0. What is the greatest common factor of r and 8?
8
Suppose -2*n = -133 + 49. Suppose 4*j - 4*u - 16 - 8 = 0, n = 5*j - 2*u. What is the highest common divisor of 30 and j?
10
Suppose 0 = -2*o - 5*j + 12, -48 - 4 = -2*o + 5*j. Suppose 3*b = -b + 48. What is the greatest common divisor of o and b?
4
Suppose -54 = -2*n + 2*m, -4*n + 228 - 95 = m. Let z(t) = -2*t**2 - 3*t + 24. Let c be z(-4). What is the highest common divisor of c and n?
4
Suppose -2*w - 2*w = 688. Let n be 16/(-56) - w/14. Let p = 11 + 37. What is the greatest common factor of p and n?
12
Suppose 4*j - 112 = 2*l, j - 158 = -4*j - 2*l. Let i be 40*(-3)/(6*-1). Calculate the greatest common divisor of i and j.
10
Let q(s) = s**3 - 8*s**2 + 2*s - 10. Let l be q(8). Calculate the highest common divisor of 348 and l.
6
Suppose 1358 = 14*k + 896. What is the highest common divisor of 957 and k?
33
Let r(h) = 6*h - 12. Let a(b) = -b**2 - 10*b - 14. Let i be a(-7). Let z be r(i). Let f = -115 + 190. What is the highest common divisor of f and z?
15
Suppose -11*j + 2548 = 3*j. Calculate the highest common divisor of j and 130.
26
Suppose -89*y + 26*y = -3087. What is the highest common factor of y and 3283?
49
Suppose -5*p - m + 185 + 33 = 0, 0 = -2*m - 4. Calculate the greatest common divisor of p and 220.
44
Suppose -22 = 18*h - 20*h. Suppose -1 + 2 = b. What is the highest common divisor of h and b?
1
Let v(c) = -11*c - 9. Let l be v(-25). What is the highest common divisor of 28 and l?
14
Let g = -4 - -8. Suppose -g*a = -33 + 9. Calculate the highest common factor of 48 and a.
6
Suppose 8 = -6*g + 4*g. Let h(u) = -2*u + 7. Let r be h(g). Let s = 25 + r. What is the greatest common factor of s and 10?
10
Let b = -142 - -157. Suppose 12*v - 16*v + 12 = 0. Calculate the highest common divisor of b and v.
3
Let i be (-24)/((-174)/(-96) - 2). What is the highest common divisor of i and 4?
4
Let n = 18 - 3. Let v(s) = -s**3 - 2*s - 1. Let z be v(-1). Let h be -7 + z - 11/(-1). What is the highest common factor of n and h?
3
Let z = -1 + 5. Suppose -2*m + 5*j = m - 42, 2*m = -z*j + 6. Let c be 10/(20/54)*1. What is the highest common factor of m and c?
9
Let q(f) = 4*f + 5. Let z be q(4). Let o = z - 17. Let v be 1/o + (-882)/(-56). Calculate the highest common divisor of v and 128.
16
Let y(m) = -56*m - 39. Let d be y(-6). What is the highest common divisor of 33 and d?
33
Let z be (-4774)/8 - (-5)/(-20). Let m = z + -2565. Let s be m/(-36) + (-3)/(-18). What is the greatest common factor of s and 8?
8
Let a be ((-16)/6)/(4/(-6)). Suppose 75 = -a*z + 9*z. What is the greatest common divisor of 5 and z?
5
Let c be 1 - 0 - (-4 + -116)/(-6). Let r = c + 40. Calculate the highest common divisor of 6 and r.
3
Let f(m) = m + 13. Let u = -10 - -5. Let l(g) = 4*g + 10. Let p be l(u). Let v be f(p). Calculate the greatest common divisor of 3 and v.
3
Suppose 396 = 8*f - 396. Let j(p) = 8*p**2 - p. Suppose 3*a = -2*b + 1 + 3, 4*a = -3*b + 5. Let l be j(b). What is the greatest common factor of l and f?
9
Let a be 197 + (-2)/2 + -1. Let m = -127 + a. Let g = 38 - 21. Calculate the greatest common divisor of g and m.
17
Suppose -88 = -10*l + 9*l. Let c = -3 + 5. Suppose -m + c*m = 11. What is the highest common factor of m and l?
11
Suppose 3*y + 96 = 3*z, -4*z + y + 128 = 4*y. What is the greatest common factor of 4 and z?
4
Let s = -178 - -182. Calculate the highest common divisor of s and 324.
4
Suppose -2*i + 0*i = 22. Let x be i*(-4 + 3/1). Calculate the highest common factor of x and 99.
11
Let u(h) = 3*h**2 - h. Let c be u(1). Suppose -c*y - 5*o - 13 = -2, 8 = -y - 3*o. Suppose 31*m - 558 = 527. Calculate the highest common divisor of m and y.
7
Suppose -2*k = -5*o + 6*o - 287, -k + 2*o = -131. What is the greatest common divisor of 329 and k?
47
Let f be 3/(-9) - 3243/(-9). Let b be f/20 - (-6)/(-2). What is the highest common factor of b and 25?
5
Let h be ((-50)/(-15))/(2/33). Suppose -3*j + h + 44 = 0. What is the highest common factor of j and 99?
33
Let r(y) = y**3 - 10*y - 13*y**3 + 12 + 11*y**3 + 11*y**2. Let t be r(9). Suppose -v + t = 3*v. Calculate the highest common divisor of 105 and v.
21
Suppose 0 = -w + 3*s + 126 - 28, 4*w - 392 = 2*s. What is the highest common divisor of 182 and w?
14
Let y(d) = d. Let f(i) = 2*i**2 + 3*i - 1. Let n(q) = f(q) + y(q). Let r be n(-8). Suppose 3*l = 6*l - 57. What is the greatest common divisor of l and r?
19
Let v(z) = 6*z - 82. Let j be v(19). What is the greatest common divisor of j and 32?
32
Let y(k) = 2*k**2 + 63. Suppose 5*o = -4*u + 5, 2*u - 1 = 3*u - o. Let h be y(u). Let l = 101 - 59. Calculate the highest common factor of l and h.
21
Let d be 2*4/(-8) + 11. Let y(q) = -q - 2. Let n be